72.
9
What is the highest common divisor of 39 and 21?
3
Calculate the greatest common divisor of 550 and 110.
110
What is the greatest common divisor of 35 and 36155?
35
What is the greatest common divisor of 315 and 252?
63
What is the highest common factor of 115 and 391?
23
What is the highest common factor of 18 and 1557?
9
What is the greatest common factor of 745 and 5?
5
Calculate the greatest common factor of 14679 and 7.
7
What is the greatest common divisor of 576 and 1344?
192
What is the highest common factor of 15 and 8685?
15
Calculate the highest common divisor of 1512 and 14.
14
Calculate the highest common divisor of 50 and 850.
50
What is the highest common divisor of 90 and 135?
45
Calculate the highest common factor of 204 and 68.
68
Calculate the highest common divisor of 294 and 1806.
42
What is the greatest common divisor of 2204 and 76?
76
Calculate the greatest common factor of 672 and 609.
21
What is the highest common factor of 208 and 13?
13
What is the highest common divisor of 38 and 1216?
38
Calculate the highest common factor of 494 and 13.
13
Calculate the greatest common divisor of 21 and 48.
3
What is the highest common divisor of 48 and 132?
12
Calculate the highest common factor of 99 and 1584.
99
What is the greatest common divisor of 6 and 3?
3
Calculate the greatest common divisor of 852 and 1491.
213
What is the greatest common divisor of 67 and 2881?
67
What is the greatest common divisor of 16 and 1856?
16
Calculate the highest common divisor of 32 and 3472.
16
What is the highest common factor of 888 and 16?
8
Calculate the greatest common factor of 27 and 213.
3
Calculate the highest common divisor of 422 and 4.
2
Calculate the highest common factor of 225 and 9.
9
Calculate the greatest common factor of 10 and 35.
5
Calculate the highest common divisor of 704 and 44.
44
Calculate the greatest common divisor of 43536 and 12.
12
What is the highest common divisor of 999 and 296?
37
What is the greatest common factor of 13 and 4394?
13
Calculate the highest common factor of 16512 and 512.
128
What is the highest common factor of 702 and 3078?
54
Calculate the greatest common divisor of 6 and 118.
2
What is the highest common factor of 660 and 180?
60
What is the greatest common divisor of 15 and 125?
5
What is the greatest common factor of 11 and 5995?
11
Calculate the greatest common divisor of 28 and 448.
28
What is the greatest common factor of 1795 and 35?
5
What is the highest common factor of 133 and 38?
19
What is the highest common factor of 1328 and 32?
16
What is the highest common factor of 128 and 512?
128
Calculate the greatest common factor of 26 and 78.
26
Calculate the greatest common divisor of 24 and 192.
24
What is the highest common divisor of 6 and 1029?
3
What is the greatest common divisor of 12 and 504?
12
What is the greatest common divisor of 11880 and 1650?
330
What is the highest common divisor of 406 and 3074?
58
Calculate the highest common divisor of 3476 and 1264.
316
Calculate the highest common factor of 13 and 3.
1
Calculate the highest common factor of 3 and 2864.
1
Calculate the greatest common factor of 190 and 30.
10
Calculate the highest common factor of 8 and 44584.
8
What is the highest common factor of 16071 and 66?
33
What is the highest common factor of 3195 and 45?
45
What is the greatest common divisor of 375 and 12?
3
What is the greatest common factor of 2185 and 460?
115
What is the highest common factor of 110 and 3146?
22
Calculate the greatest common divisor of 1369 and 37.
37
What is the greatest common divisor of 132 and 87?
3
Calculate the greatest common divisor of 217 and 155.
31
Calculate the greatest common factor of 48 and 1024.
16
What is the highest common divisor of 497 and 1917?
71
What is the highest common factor of 11 and 55?
11
Calculate the greatest common divisor of 874 and 76.
38
What is the highest common factor of 396 and 528?
132
Calculate the highest common factor of 168 and 3486.
42
Calculate the greatest common divisor of 66 and 5247.
33
What is the highest common divisor of 112 and 1040?
16
What is the greatest common divisor of 46 and 345?
23
What is the greatest common divisor of 6909 and 343?
49
Calculate the greatest common divisor of 3354 and 2262.
78
Calculate the greatest common factor of 30 and 192.
6
Calculate the highest common factor of 70 and 49.
7
Calculate the highest common factor of 27090 and 72.
18
Calculate the highest common divisor of 1840 and 80.
80
Calculate the greatest common factor of 3519 and 9.
9
What is the highest common factor of 51 and 21590?
17
Calculate the highest common factor of 54 and 180.
18
Calculate the highest common divisor of 5194 and 98.
98
Calculate the highest common divisor of 21140 and 140.
140
Calculate the greatest common divisor of 24 and 93.
3
What is the greatest common divisor of 490 and 105?
35
Calculate the highest common divisor of 14052 and 12.
12
What is the highest common factor of 14 and 14?
14
What is the greatest common divisor of 35 and 875?
35
Calculate the highest common divisor of 3900 and 50.
50
Calculate the highest common factor of 667 and 92.
23
Calculate the highest common divisor of 315 and 595.
35
What is the highest common factor of 330 and 290?
10
What is the greatest common divisor of 1143 and 9?
9
What is the highest common factor of 39 and 1326?
39
Calculate the highest common divisor of 5544 and 63.
63
Calculate the greatest common factor of 8 and 2.
2
Calculate the highest common factor of 75 and 2835.
15
What is the highest common divisor of 512 and 12?
4
Calculate the greatest common factor of 93 and 62.
31
What is the highest common divisor of 936 and 192?
24
Calculate the highest common divisor of 11 and 77.
11
What is the greatest common factor of 2325 and 186?
93
Calculate the highest common divisor of 464 and 1328.
16
Calculate the greatest common divisor of 70 and 40.
10
What is the highest common factor of 97 and 3686?
97
What is the greatest common divisor of 75 and 975?
75
Calculate the greatest common divisor of 92 and 207.
23
Calculate the greatest common factor of 48 and 1608.
24
What is the greatest common divisor of 6298 and 141?
47
What is the greatest common factor of 17 and 8891?
17
What is the highest common divisor of 57 and 1425?
57
What is the greatest common factor of 132 and 198?
66
Calculate the greatest common factor of 11193 and 156.
39
What is the highest common divisor of 584 and 8?
8
What is the greatest common factor of 1653 and 174?
87
Calculate the greatest common divisor of 9 and 29.
1
Calculate the greatest common divisor of 33 and 12.
3
Calculate the greatest common factor of 6344 and 13.
13
Calculate the greatest common factor of 3280 and 160.
80
Calculate the greatest common divisor of 9 and 39.
3
What is the highest common factor of 4590 and 714?
102
Calculate the highest common divisor of 24 and 38772.
12
What is the highest common factor of 1702 and 736?
46
Calculate the highest common factor of 18 and 42.
6
Calculate the greatest common factor of 9089 and 61.
61
Calculate the greatest common factor of 324 and 513.
27
Calculate the greatest common divisor of 751 and 2.
1
What is the greatest common factor of 1634 and 1710?
38
Calculate the highest common divisor of 656 and 533.
41
What is the greatest common factor of 168 and 6104?
56
What is the greatest common divisor of 7798 and 14?
14
What is the highest common divisor of 112999 and 23?
23
Calculate the greatest common divisor of 5090 and 30.
10
Calculate the highest common factor of 88 and 7876.
44
What is the greatest common divisor of 87 and 29?
29
Calculate the highest common divisor of 1875 and 15.
15
Calculate the highest common divisor of 104 and 533.
13
Calculate the greatest common factor of 858 and 1326.
78
Calculate the highest common factor of 700 and 125.
25
What is the highest common divisor of 768 and 36?
12
Calculate the highest common factor of 20 and 1010.
10
Calculate the greatest common factor of 94 and 3619.
47
Calculate the highest common factor of 2666 and 602.
86
Calculate the highest common divisor of 1120 and 35.
35
Calculate the greatest common factor of 3 and 2127.
3
What is the greatest common factor of 731 and 51?